{"id":8778,"date":"2019-07-25T14:00:20","date_gmt":"2019-07-25T13:00:20","guid":{"rendered":"https:\/\/lubosluka.com\/prodej-not\/martinek-and-the-kings-fuer-kinderchor-und-klavier-nach-texten-von-milona-cepelka\/"},"modified":"2019-07-25T14:00:20","modified_gmt":"2019-07-25T13:00:20","slug":"martinek-and-the-kings-fuer-kinderchor-und-klavier-nach-texten-von-milona-cepelka","status":"publish","type":"product","link":"https:\/\/lubosluka.com\/de\/prodej-not\/martinek-and-the-kings-fuer-kinderchor-und-klavier-nach-texten-von-milona-cepelka\/","title":{"rendered":"MART\u00cdNEK AND THE KINGS f\u00fcr Kinderchor und Klavier nach Texten von Milona \u010cepelka"},"content":{"rendered":"<p>f\u00fcr Kinderchor und Klavier nach Texten von Milona \u010cepelka<\/p>\n<p>INHALT<br \/>\n1.&nbsp;wenn es dunkel wird<br \/>\n2. Was essen Sie gerade?<br \/>\n3. Um des Himmels willen<br \/>\n4. Freitag wird ein gro\u00dfer Tag sein<br \/>\n5. Herr Voh\u00e1\u0148ka ist w\u00fctend<br \/>\n6. Ich habe neue Kaninchenfreunde<br \/>\n7. Die R\u00e4uber sind bereits dabei zu stehlen<br \/>\n8.&nbsp;das Wort der Ehre<br \/>\n9.&nbsp;das Eigelb, das Eiwei\u00df<\/p>\n<p>34 Seiten<\/p>\n<p>ISMN 979-0-706554-26-6<\/p>\n","protected":false},"excerpt":{"rendered":"<p>f\u00fcr Kinderchor und Klavier nach Texten von Milona \u010cepelka INHALT 1.&nbsp;wenn es dunkel wird 2. Was essen Sie gerade? 3. Um des Himmels willen 4. Freitag wird ein gro\u00dfer Tag sein 5. Herr Voh\u00e1\u0148ka ist w\u00fctend 6. Ich habe neue &hellip; <a href=\"https:\/\/lubosluka.com\/de\/prodej-not\/martinek-and-the-kings-fuer-kinderchor-und-klavier-nach-texten-von-milona-cepelka\/\">Continue reading <span class=\"meta-nav\">&rarr;<\/span><\/a><\/p>\n","protected":false},"featured_media":7168,"template":"","meta":{"jetpack_post_was_ever_published":false,"jetpack_publicize_message":"","jetpack_publicize_feature_enabled":true,"jetpack_social_post_already_shared":false,"jetpack_social_options":{"image_generator_settings":{"template":"highway","enabled":false},"version":2}},"product_brand":[],"product_cat":[196,103],"product_tag":[],"class_list":{"0":"post-8778","1":"product","2":"type-product","3":"status-publish","4":"has-post-thumbnail","6":"product_cat-kinderchor","7":"product_cat-singen","9":"first","10":"instock","11":"shipping-taxable","12":"purchasable","13":"product-type-variable"},"jetpack_publicize_connections":[],"yoast_head":"<!-- This site is optimized with the Yoast SEO plugin v25.1 - https:\/\/yoast.com\/wordpress\/plugins\/seo\/ -->\n<title>MART\u00cdNEK AND THE KINGS f\u00fcr Kinderchor und Klavier nach Texten von Milona \u010cepelka | Lubo\u0161 Sluka<\/title>\n<meta name=\"robots\" content=\"index, follow, max-snippet:-1, max-image-preview:large, max-video-preview:-1\" \/>\n<link rel=\"canonical\" href=\"https:\/\/lubosluka.com\/de\/prodej-not\/martinek-and-the-kings-fuer-kinderchor-und-klavier-nach-texten-von-milona-cepelka\/\" \/>\n<meta property=\"og:locale\" content=\"de_DE\" \/>\n<meta property=\"og:type\" content=\"article\" \/>\n<meta property=\"og:title\" content=\"MART\u00cdNEK AND THE KINGS f\u00fcr Kinderchor und Klavier nach Texten von Milona \u010cepelka | Lubo\u0161 Sluka\" \/>\n<meta property=\"og:description\" content=\"f\u00fcr Kinderchor und Klavier nach Texten von Milona \u010cepelka INHALT 1.&nbsp;wenn es dunkel wird 2. Was essen Sie gerade? 3. Um des Himmels willen 4. Freitag wird ein gro\u00dfer Tag sein 5. Herr Voh\u00e1\u0148ka ist w\u00fctend 6. Ich habe neue &hellip; Continue reading &rarr;\" \/>\n<meta property=\"og:url\" content=\"https:\/\/lubosluka.com\/de\/prodej-not\/martinek-and-the-kings-fuer-kinderchor-und-klavier-nach-texten-von-milona-cepelka\/\" \/>\n<meta property=\"og:site_name\" content=\"Lubo\u0161 Sluka\" \/>\n<meta property=\"og:image\" content=\"https:\/\/lubosluka.com\/wp-content\/uploads\/2019\/07\/0124_obalka.png\" \/>\n\t<meta property=\"og:image:width\" content=\"2486\" \/>\n\t<meta property=\"og:image:height\" content=\"3509\" \/>\n\t<meta property=\"og:image:type\" content=\"image\/png\" \/>\n<script type=\"application\/ld+json\" class=\"yoast-schema-graph\">{\"@context\":\"https:\/\/schema.org\",\"@graph\":[{\"@type\":\"WebPage\",\"@id\":\"https:\/\/lubosluka.com\/de\/prodej-not\/martinek-and-the-kings-fuer-kinderchor-und-klavier-nach-texten-von-milona-cepelka\/\",\"url\":\"https:\/\/lubosluka.com\/de\/prodej-not\/martinek-and-the-kings-fuer-kinderchor-und-klavier-nach-texten-von-milona-cepelka\/\",\"name\":\"MART\u00cdNEK AND THE KINGS f\u00fcr Kinderchor und Klavier nach Texten von Milona \u010cepelka | Lubo\u0161 Sluka\",\"isPartOf\":{\"@id\":\"https:\/\/lubosluka.com\/de\/#website\"},\"primaryImageOfPage\":{\"@id\":\"https:\/\/lubosluka.com\/de\/prodej-not\/martinek-and-the-kings-fuer-kinderchor-und-klavier-nach-texten-von-milona-cepelka\/#primaryimage\"},\"image\":{\"@id\":\"https:\/\/lubosluka.com\/de\/prodej-not\/martinek-and-the-kings-fuer-kinderchor-und-klavier-nach-texten-von-milona-cepelka\/#primaryimage\"},\"thumbnailUrl\":\"https:\/\/lubosluka.com\/wp-content\/uploads\/2019\/07\/0124_obalka.png\",\"datePublished\":\"2019-07-25T13:00:20+00:00\",\"breadcrumb\":{\"@id\":\"https:\/\/lubosluka.com\/de\/prodej-not\/martinek-and-the-kings-fuer-kinderchor-und-klavier-nach-texten-von-milona-cepelka\/#breadcrumb\"},\"inLanguage\":\"de\",\"potentialAction\":[{\"@type\":\"ReadAction\",\"target\":[\"https:\/\/lubosluka.com\/de\/prodej-not\/martinek-and-the-kings-fuer-kinderchor-und-klavier-nach-texten-von-milona-cepelka\/\"]}]},{\"@type\":\"ImageObject\",\"inLanguage\":\"de\",\"@id\":\"https:\/\/lubosluka.com\/de\/prodej-not\/martinek-and-the-kings-fuer-kinderchor-und-klavier-nach-texten-von-milona-cepelka\/#primaryimage\",\"url\":\"https:\/\/lubosluka.com\/wp-content\/uploads\/2019\/07\/0124_obalka.png\",\"contentUrl\":\"https:\/\/lubosluka.com\/wp-content\/uploads\/2019\/07\/0124_obalka.png\",\"width\":2486,\"height\":3509},{\"@type\":\"BreadcrumbList\",\"@id\":\"https:\/\/lubosluka.com\/de\/prodej-not\/martinek-and-the-kings-fuer-kinderchor-und-klavier-nach-texten-von-milona-cepelka\/#breadcrumb\",\"itemListElement\":[{\"@type\":\"ListItem\",\"position\":1,\"name\":\"Editio Musica Humana\",\"item\":\"https:\/\/lubosluka.com\/de\/editio-musica-humana\/\"},{\"@type\":\"ListItem\",\"position\":2,\"name\":\"Shop\",\"item\":\"https:\/\/lubosluka.com\/de\/shop\/\"},{\"@type\":\"ListItem\",\"position\":3,\"name\":\"MART\u00cdNEK AND THE KINGS f\u00fcr Kinderchor und Klavier nach Texten von Milona \u010cepelka\"}]},{\"@type\":\"WebSite\",\"@id\":\"https:\/\/lubosluka.com\/de\/#website\",\"url\":\"https:\/\/lubosluka.com\/de\/\",\"name\":\"Lubo\u0161 Sluka\",\"description\":\"hudebn\u00ed skladatel\",\"potentialAction\":[{\"@type\":\"SearchAction\",\"target\":{\"@type\":\"EntryPoint\",\"urlTemplate\":\"https:\/\/lubosluka.com\/de\/?s={search_term_string}\"},\"query-input\":{\"@type\":\"PropertyValueSpecification\",\"valueRequired\":true,\"valueName\":\"search_term_string\"}}],\"inLanguage\":\"de\"}]}<\/script>\n<!-- \/ Yoast SEO plugin. -->","yoast_head_json":{"title":"MART\u00cdNEK AND THE KINGS f\u00fcr Kinderchor und Klavier nach Texten von Milona \u010cepelka | Lubo\u0161 Sluka","robots":{"index":"index","follow":"follow","max-snippet":"max-snippet:-1","max-image-preview":"max-image-preview:large","max-video-preview":"max-video-preview:-1"},"canonical":"https:\/\/lubosluka.com\/de\/prodej-not\/martinek-and-the-kings-fuer-kinderchor-und-klavier-nach-texten-von-milona-cepelka\/","og_locale":"de_DE","og_type":"article","og_title":"MART\u00cdNEK AND THE KINGS f\u00fcr Kinderchor und Klavier nach Texten von Milona \u010cepelka | Lubo\u0161 Sluka","og_description":"f\u00fcr Kinderchor und Klavier nach Texten von Milona \u010cepelka INHALT 1.&nbsp;wenn es dunkel wird 2. Was essen Sie gerade? 3. Um des Himmels willen 4. Freitag wird ein gro\u00dfer Tag sein 5. Herr Voh\u00e1\u0148ka ist w\u00fctend 6. Ich habe neue &hellip; Continue reading &rarr;","og_url":"https:\/\/lubosluka.com\/de\/prodej-not\/martinek-and-the-kings-fuer-kinderchor-und-klavier-nach-texten-von-milona-cepelka\/","og_site_name":"Lubo\u0161 Sluka","og_image":[{"width":2486,"height":3509,"url":"https:\/\/lubosluka.com\/wp-content\/uploads\/2019\/07\/0124_obalka.png","type":"image\/png"}],"schema":{"@context":"https:\/\/schema.org","@graph":[{"@type":"WebPage","@id":"https:\/\/lubosluka.com\/de\/prodej-not\/martinek-and-the-kings-fuer-kinderchor-und-klavier-nach-texten-von-milona-cepelka\/","url":"https:\/\/lubosluka.com\/de\/prodej-not\/martinek-and-the-kings-fuer-kinderchor-und-klavier-nach-texten-von-milona-cepelka\/","name":"MART\u00cdNEK AND THE KINGS f\u00fcr Kinderchor und Klavier nach Texten von Milona \u010cepelka | Lubo\u0161 Sluka","isPartOf":{"@id":"https:\/\/lubosluka.com\/de\/#website"},"primaryImageOfPage":{"@id":"https:\/\/lubosluka.com\/de\/prodej-not\/martinek-and-the-kings-fuer-kinderchor-und-klavier-nach-texten-von-milona-cepelka\/#primaryimage"},"image":{"@id":"https:\/\/lubosluka.com\/de\/prodej-not\/martinek-and-the-kings-fuer-kinderchor-und-klavier-nach-texten-von-milona-cepelka\/#primaryimage"},"thumbnailUrl":"https:\/\/lubosluka.com\/wp-content\/uploads\/2019\/07\/0124_obalka.png","datePublished":"2019-07-25T13:00:20+00:00","breadcrumb":{"@id":"https:\/\/lubosluka.com\/de\/prodej-not\/martinek-and-the-kings-fuer-kinderchor-und-klavier-nach-texten-von-milona-cepelka\/#breadcrumb"},"inLanguage":"de","potentialAction":[{"@type":"ReadAction","target":["https:\/\/lubosluka.com\/de\/prodej-not\/martinek-and-the-kings-fuer-kinderchor-und-klavier-nach-texten-von-milona-cepelka\/"]}]},{"@type":"ImageObject","inLanguage":"de","@id":"https:\/\/lubosluka.com\/de\/prodej-not\/martinek-and-the-kings-fuer-kinderchor-und-klavier-nach-texten-von-milona-cepelka\/#primaryimage","url":"https:\/\/lubosluka.com\/wp-content\/uploads\/2019\/07\/0124_obalka.png","contentUrl":"https:\/\/lubosluka.com\/wp-content\/uploads\/2019\/07\/0124_obalka.png","width":2486,"height":3509},{"@type":"BreadcrumbList","@id":"https:\/\/lubosluka.com\/de\/prodej-not\/martinek-and-the-kings-fuer-kinderchor-und-klavier-nach-texten-von-milona-cepelka\/#breadcrumb","itemListElement":[{"@type":"ListItem","position":1,"name":"Editio Musica Humana","item":"https:\/\/lubosluka.com\/de\/editio-musica-humana\/"},{"@type":"ListItem","position":2,"name":"Shop","item":"https:\/\/lubosluka.com\/de\/shop\/"},{"@type":"ListItem","position":3,"name":"MART\u00cdNEK AND THE KINGS f\u00fcr Kinderchor und Klavier nach Texten von Milona \u010cepelka"}]},{"@type":"WebSite","@id":"https:\/\/lubosluka.com\/de\/#website","url":"https:\/\/lubosluka.com\/de\/","name":"Lubo\u0161 Sluka","description":"hudebn\u00ed skladatel","potentialAction":[{"@type":"SearchAction","target":{"@type":"EntryPoint","urlTemplate":"https:\/\/lubosluka.com\/de\/?s={search_term_string}"},"query-input":{"@type":"PropertyValueSpecification","valueRequired":true,"valueName":"search_term_string"}}],"inLanguage":"de"}]}},"jetpack_sharing_enabled":true,"_links":{"self":[{"href":"https:\/\/lubosluka.com\/de\/wp-json\/wp\/v2\/product\/8778","targetHints":{"allow":["GET"]}}],"collection":[{"href":"https:\/\/lubosluka.com\/de\/wp-json\/wp\/v2\/product"}],"about":[{"href":"https:\/\/lubosluka.com\/de\/wp-json\/wp\/v2\/types\/product"}],"version-history":[{"count":0,"href":"https:\/\/lubosluka.com\/de\/wp-json\/wp\/v2\/product\/8778\/revisions"}],"wp:featuredmedia":[{"embeddable":true,"href":"https:\/\/lubosluka.com\/de\/wp-json\/wp\/v2\/media\/7168"}],"wp:attachment":[{"href":"https:\/\/lubosluka.com\/de\/wp-json\/wp\/v2\/media?parent=8778"}],"wp:term":[{"taxonomy":"product_brand","embeddable":true,"href":"https:\/\/lubosluka.com\/de\/wp-json\/wp\/v2\/product_brand?post=8778"},{"taxonomy":"product_cat","embeddable":true,"href":"https:\/\/lubosluka.com\/de\/wp-json\/wp\/v2\/product_cat?post=8778"},{"taxonomy":"product_tag","embeddable":true,"href":"https:\/\/lubosluka.com\/de\/wp-json\/wp\/v2\/product_tag?post=8778"}],"curies":[{"name":"wp","href":"https:\/\/api.w.org\/{rel}","templated":true}]}}

MARTÍNEK AND THE KINGS für Kinderchor und Klavier nach Texten von Milona Čepelka

<p>für Kinderchor und Klavier nach Texten von Milona Čepelka</p>
<p>INHALT<br />
1.&nbsp;wenn es dunkel wird<br />
2. Was essen Sie gerade?<br />
3. Um des Himmels willen<br />
4. Freitag wird ein großer Tag sein<br />
5. Herr Voháňka ist wütend<br />
6. Ich habe neue Kaninchenfreunde<br />
7. Die Räuber sind bereits dabei zu stehlen<br />
8.&nbsp;das Wort der Ehre<br />
9.&nbsp;das Eigelb, das Eiweiß</p>
<p>34 Seiten</p>
<p>ISMN 979-0-706554-26-6</p>

<p>für Kinderchor und Klavier nach Texten von Milona Čepelka INHALT 1.&nbsp;wenn es dunkel wird 2. Was essen Sie gerade? 3. Um des Himmels willen 4. Freitag wird ein großer Tag sein 5. Herr Voháňka ist wütend 6. Ich habe neue &hellip; <a href="https://lubosluka.com/de/prodej-not/martinek-and-the-kings-fuer-kinderchor-und-klavier-nach-texten-von-milona-cepelka/">Continue reading <span class="meta-nav">&rarr;</span></a></p>

<!-- This site is optimized with the Yoast SEO plugin v25.1 - https://yoast.com/wordpress/plugins/seo/ -->
<title>MARTÍNEK AND THE KINGS für Kinderchor und Klavier nach Texten von Milona Čepelka | Luboš Sluka</title>
<meta name="robots" content="index, follow, max-snippet:-1, max-image-preview:large, max-video-preview:-1" />
<link rel="canonical" href="https://lubosluka.com/de/prodej-not/martinek-and-the-kings-fuer-kinderchor-und-klavier-nach-texten-von-milona-cepelka/" />
<meta property="og:locale" content="de_DE" />
<meta property="og:type" content="article" />
<meta property="og:title" content="MARTÍNEK AND THE KINGS für Kinderchor und Klavier nach Texten von Milona Čepelka | Luboš Sluka" />
<meta property="og:description" content="für Kinderchor und Klavier nach Texten von Milona Čepelka INHALT 1.&nbsp;wenn es dunkel wird 2. Was essen Sie gerade? 3. Um des Himmels willen 4. Freitag wird ein großer Tag sein 5. Herr Voháňka ist wütend 6. Ich habe neue &hellip; Continue reading &rarr;" />
<meta property="og:url" content="https://lubosluka.com/de/prodej-not/martinek-and-the-kings-fuer-kinderchor-und-klavier-nach-texten-von-milona-cepelka/" />
<meta property="og:site_name" content="Luboš Sluka" />
<meta property="og:image" content="https://lubosluka.com/wp-content/uploads/2019/07/0124_obalka.png" />
	<meta property="og:image:width" content="2486" />
	<meta property="og:image:height" content="3509" />
	<meta property="og:image:type" content="image/png" />
<script type="application/ld+json" class="yoast-schema-graph">{"@context":"https://schema.org","@graph":[{"@type":"WebPage","@id":"https://lubosluka.com/de/prodej-not/martinek-and-the-kings-fuer-kinderchor-und-klavier-nach-texten-von-milona-cepelka/","url":"https://lubosluka.com/de/prodej-not/martinek-and-the-kings-fuer-kinderchor-und-klavier-nach-texten-von-milona-cepelka/","name":"MARTÍNEK AND THE KINGS für Kinderchor und Klavier nach Texten von Milona Čepelka | Luboš Sluka","isPartOf":{"@id":"https://lubosluka.com/de/#website"},"primaryImageOfPage":{"@id":"https://lubosluka.com/de/prodej-not/martinek-and-the-kings-fuer-kinderchor-und-klavier-nach-texten-von-milona-cepelka/#primaryimage"},"image":{"@id":"https://lubosluka.com/de/prodej-not/martinek-and-the-kings-fuer-kinderchor-und-klavier-nach-texten-von-milona-cepelka/#primaryimage"},"thumbnailUrl":"https://lubosluka.com/wp-content/uploads/2019/07/0124_obalka.png","datePublished":"2019-07-25T13:00:20+00:00","breadcrumb":{"@id":"https://lubosluka.com/de/prodej-not/martinek-and-the-kings-fuer-kinderchor-und-klavier-nach-texten-von-milona-cepelka/#breadcrumb"},"inLanguage":"de","potentialAction":[{"@type":"ReadAction","target":["https://lubosluka.com/de/prodej-not/martinek-and-the-kings-fuer-kinderchor-und-klavier-nach-texten-von-milona-cepelka/"]}]},{"@type":"ImageObject","inLanguage":"de","@id":"https://lubosluka.com/de/prodej-not/martinek-and-the-kings-fuer-kinderchor-und-klavier-nach-texten-von-milona-cepelka/#primaryimage","url":"https://lubosluka.com/wp-content/uploads/2019/07/0124_obalka.png","contentUrl":"https://lubosluka.com/wp-content/uploads/2019/07/0124_obalka.png","width":2486,"height":3509},{"@type":"BreadcrumbList","@id":"https://lubosluka.com/de/prodej-not/martinek-and-the-kings-fuer-kinderchor-und-klavier-nach-texten-von-milona-cepelka/#breadcrumb","itemListElement":[{"@type":"ListItem","position":1,"name":"Editio Musica Humana","item":"https://lubosluka.com/de/editio-musica-humana/"},{"@type":"ListItem","position":2,"name":"Shop","item":"https://lubosluka.com/de/shop/"},{"@type":"ListItem","position":3,"name":"MARTÍNEK AND THE KINGS für Kinderchor und Klavier nach Texten von Milona Čepelka"}]},{"@type":"WebSite","@id":"https://lubosluka.com/de/#website","url":"https://lubosluka.com/de/","name":"Luboš Sluka","description":"hudební skladatel","potentialAction":[{"@type":"SearchAction","target":{"@type":"EntryPoint","urlTemplate":"https://lubosluka.com/de/?s={search_term_string}"},"query-input":{"@type":"PropertyValueSpecification","valueRequired":true,"valueName":"search_term_string"}}],"inLanguage":"de"}]}</script>
<!-- / Yoast SEO plugin. -->

MARTÍNEK AND THE KINGS für Kinderchor und Klavier nach Texten von Milona Čepelka | Luboš Sluka

für Kinderchor und Klavier nach Texten von Milona Čepelka INHALT 1.&nbsp;wenn es dunkel wird 2. Was essen Sie gerade? 3. Um des Himmels willen 4. Freitag wird ein großer Tag sein 5. Herr Voháňka ist wütend 6. Ich habe neue &hellip; Continue reading &rarr;

Luboš Sluka

hudební skladatel
